{"id":2177,"date":"2025-09-25T10:49:35","date_gmt":"2025-09-25T08:49:35","guid":{"rendered":"https:\/\/prosoltec-solarsysteme.de\/proteccion-de-datos\/"},"modified":"2026-02-27T12:51:50","modified_gmt":"2026-02-27T11:51:50","slug":"proteccion-de-datos","status":"publish","type":"page","link":"https:\/\/prosoltec-solarsysteme.de\/es\/proteccion-de-datos\/","title":{"rendered":"Protecci\u00f3n de datos"},"content":{"rendered":"\t\t<div data-elementor-type=\"wp-page\" data-elementor-id=\"2177\" class=\"elementor elementor-2177 elementor-845\" data-elementor-post-type=\"page\">\n\t\t\t\t<div class=\"elementor-element elementor-element-5d95219 e-flex e-con-boxed e-con e-parent\" data-id=\"5d95219\" data-element_type=\"container\" data-e-type=\"container\" data-settings=\"{&quot;background_background&quot;:&quot;classic&quot;}\">\n\t\t\t\t\t<div class=\"e-con-inner\">\n\t\t<div class=\"elementor-element elementor-element-a6d96bb e-con-full e-flex e-con e-child\" data-id=\"a6d96bb\" data-element_type=\"container\" data-e-type=\"container\">\n\t\t<div class=\"elementor-element elementor-element-845684f e-con-full e-flex e-con e-child\" data-id=\"845684f\" data-element_type=\"container\" data-e-type=\"container\">\n\t\t\t\t<div class=\"elementor-element elementor-element-e14e9b8 elementor-widget__width-inherit elementor-widget-tablet__width-inherit elementor-widget-mobile__width-inherit elementor-widget elementor-widget-heading\" data-id=\"e14e9b8\" data-element_type=\"widget\" data-e-type=\"widget\" data-widget_type=\"heading.default\">\n\t\t\t\t\t<h1 class=\"elementor-heading-title elementor-size-default\">Protecci\u00f3n de datos<\/h1>\t\t\t\t<\/div>\n\t\t\t\t<\/div>\n\t\t\t\t<\/div>\n\t\t\t\t\t<\/div>\n\t\t\t\t<\/div>\n\t\t<div class=\"elementor-element elementor-element-1ac247fc e-flex e-con-boxed e-con e-parent\" data-id=\"1ac247fc\" data-element_type=\"container\" data-e-type=\"container\">\n\t\t\t\t\t<div class=\"e-con-inner\">\n\t\t\t\t<div class=\"elementor-element elementor-element-117988eb elementor-widget elementor-widget-text-editor\" data-id=\"117988eb\" data-element_type=\"widget\" data-e-type=\"widget\" data-widget_type=\"text-editor.default\">\n\t\t\t\t\t\t\t\t\t<section class=\"privacy-policy\">\n\n  <h1>Pol\u00edtica de privacidad<\/h1>\n\n\n  <h2>1. Responsable del tratamiento<\/h2>\n  <p>\n  PROSOLTEC Solarsysteme GmbH<br> Bonnstr. 15<br> 50226 Frechen<br> Alemania \n  <\/p>\n  <p>\n  Representada por: Javier Pastor Teverga (Director General)<br> Tel\u00e9fono: +49 (0) 2234 4300610<br> Telefax: +49 (0) 2234 2001093<br> Correo electr\u00f3nico: <a href=\"mailto:info@prosoltec-solarsysteme.de\">info@prosoltec-solarsysteme.de<\/a>\n  <\/p>\n  <p>\n  Registro mercantil: HRB 76797<br> Tribunal de registro: Amtsgericht K\u00f6ln<br> N.\u00ba IVA: DE285598989\n  <\/p>\n\n  <!-- Falls vorhanden, erg\u00e4nzen:\n  <h2>2. Datenschutzbeauftragter<\/h2>\n  <p>Den Datenschutzbeauftragten erreichen Sie unter: ...<\/p>\n  -->\n\n  <h2>2. Notas generales sobre el tratamiento de datos<\/h2>\n  <p>\n  Tratamos los datos personales \u00fanicamente en la medida necesaria para proporcionar un sitio web funcional,\n para procesar consultas o sobre la base de su consentimiento.\n  <\/p>\n  <p>\n  Las bases legales son, en particular, el Art. 6 apdo. 1 letra a del RGPD (consentimiento),\n el Art. 6 apdo. 1 letra b del RGPD (contrato\/medidas precontractuales) y el Art. 6 apdo. 1 letra f del RGPD (inter\u00e9s leg\u00edtimo).      \n  <\/p>\n\n  <h2>3. Alojamiento<\/h2>\n  <p>\n  Este sitio web est\u00e1 alojado en STRATO AG (Otto-Ostrowski-Stra\u00dfe 7, 10249 Berl\u00edn, Alemania).\n  STRATO trata los datos personales como encargado del tratamiento en el marco de un contrato de encargo de tratamiento.\n  <\/p>\n\n  <h3>Archivos de registro del servidor<\/h3>\n  <p>\n  Al acceder a nuestro sitio web, el proveedor de alojamiento recopila y almacena autom\u00e1ticamente informaci\u00f3n en los llamados\n archivos de registro del servidor. Estos pueden incluir: tipo y versi\u00f3n del navegador,\n sistema operativo utilizado, URL de referencia, nombre de host del ordenador que accede, hora de la solicitud al servidor\n y la direcci\u00f3n IP. \n  <\/p>\n  <p>\n  El tratamiento se lleva a cabo para garantizar la estabilidad, la seguridad y el an\u00e1lisis de errores (Art. 6 apdo. 1 letra f del RGPD).\n Seg\u00fan el proveedor de alojamiento, las direcciones IP se almacenan durante un m\u00e1ximo de siete d\u00edas para la detecci\u00f3n y defensa contra ataques.\n\n  <\/p>\n\n  <h2>4. Cookies y gesti\u00f3n de consentimientos (Borlabs Cookie)<\/h2>\n  <p>\n  Utilizamos Borlabs Cookie para obtener y documentar los consentimientos para determinados tratamientos de datos (p. ej., contenidos externos).\n En este proceso, se almacena la informaci\u00f3n del consentimiento (p. ej., selecci\u00f3n\/estado, marca de tiempo)\n para cumplir con las obligaciones legales de prueba (Art. 6 apdo. 1 letra c del RGPD), as\u00ed como sobre la base de nuestro\n inter\u00e9s leg\u00edtimo en una gesti\u00f3n de consentimientos conforme a la ley (Art. 6 apdo. 1 letra f del RGPD). \n  <\/p>\n\n  <p>\n    <strong>Cambiar la configuraci\u00f3n de cookies:<\/strong>\n    <span class=\"borlabs-cookie-open-dialog-preferences brlbs-cmpnt-container\" data-borlabs-cookie-title=\"Abrir configuraci\u00f3n de cookies\" data-borlabs-cookie-type=\"button\" ><\/span>\n  <\/p>\n\n  <h2>5. Contacto<\/h2>\n\n  <h3>Contacto por correo electr\u00f3nico\/tel\u00e9fono\/fax<\/h3>\n  <p>\n  Si se pone en contacto con nosotros (p. ej., por correo electr\u00f3nico, tel\u00e9fono o fax), trataremos sus datos para procesar\n la consulta y en caso de que surjan preguntas adicionales. La base legal es el Art. 6 apdo. 1 letra b del RGPD (medidas precontractuales\/ejecuci\u00f3n\n de un contrato) o el Art. 6 apdo. 1 letra f del RGPD (inter\u00e9s leg\u00edtimo en una comunicaci\u00f3n eficiente).     \n  <\/p>\n\n  <h3>Formulario de contacto<\/h3>\n  <p>\n  Si nos env\u00eda consultas a trav\u00e9s del formulario de contacto, sus datos del formulario, incluidos\n los datos de contacto que proporcione all\u00ed, se almacenar\u00e1n para procesar la consulta.\n La base legal es el Art. 6 apdo. 1 letra b del RGPD (medidas precontractuales\/ejecuci\u00f3n de un contrato) o el Art. 6 apdo. 1 letra f del RGPD.    \n  <\/p>\n\n  \n\n  <h2>6. Google Maps (solo con consentimiento)<\/h2>\n  <p>\n  En nuestro sitio web integramos Google Maps. El proveedor es Google Ireland Limited, Gordon House, Barrow Street,\n Dubl\u00edn 4, Irlanda (\u201cGoogle\u201d). \n  <\/p>\n  <p>\n  Google Maps est\u00e1 bloqueado por defecto y solo se cargar\u00e1 tras su consentimiento (Art. 6 apdo. 1 letra a del RGPD).\n Al activarlo, su direcci\u00f3n IP puede ser transmitida a Google; adem\u00e1s, se pueden utilizar cookies o tecnolog\u00edas similares.\n En este proceso, no se puede excluir la transferencia de datos a terceros pa\u00edses (p. ej., EE. UU.). \n\n\n  <h2>7. Google Fonts integradas localmente<\/h2>\n  <p>\n  Utilizamos fuentes que est\u00e1n integradas localmente en nuestro servidor. De este modo, no se establece ninguna conexi\u00f3n\n con los servidores de Google y no se transmiten datos personales a Google. \n  <\/p>\n\n  <h2>8. Cifrado SSL\/TLS<\/h2>\n  <p>\n  Este sitio web utiliza el cifrado SSL\/TLS por razones de seguridad y para proteger la transmisi\u00f3n de contenidos confidenciales.\n Puede reconocer una conexi\u00f3n cifrada porque la l\u00ednea de direcci\u00f3n del navegador\n cambia de \u201chttp:\/\/\u201d a \u201chttps:\/\/\u201d. \n  <\/p>\n\n  <h2>9. Plazo de conservaci\u00f3n<\/h2>\n  <p>\n  Los datos personales se eliminar\u00e1n tan pronto como deje de existir la finalidad del tratamiento y no existan obligaciones legales\n de conservaci\u00f3n que lo impidan. Por lo general, solo almacenamos las consultas de contacto durante el tiempo\n que sea necesario para su procesamiento y se prevean posibles preguntas posteriores. \n  <\/p>\n\n  <h2>10. Sus derechos<\/h2>\n  <p>En el marco del RGPD, usted tiene, en particular, los siguientes derechos:<\/p>\n  <ul>\n    <li>Derecho de acceso (Art. 15 del RGPD)<\/li>\n    <li>Derecho de rectificaci\u00f3n (Art. 16 del RGPD)<\/li>\n    <li>Derecho de supresi\u00f3n (Art. 17 del RGPD)<\/li>\n    <li>Derecho a la limitaci\u00f3n del tratamiento (Art. 18 del RGPD)<\/li>\n    <li>Derecho a la portabilidad de los datos (Art. 20 del RGPD)<\/li>\n    <li>Derecho de oposici\u00f3n al tratamiento (Art. 21 del RGPD)<\/li>\n    <li>Derecho a retirar el consentimiento (Art. 7 apdo. 3 del RGPD), con efecto para el futuro<\/li>\n    <li>Derecho a presentar una reclamaci\u00f3n ante una autoridad de control (Art. 77 del RGPD)<\/li>\n  <\/ul>\n\n  <h2>11. Modificaci\u00f3n de esta pol\u00edtica de privacidad<\/h2>\n  <p>\n  Nos reservamos el derecho de adaptar esta pol\u00edtica de privacidad para que cumpla siempre con los requisitos legales actuales\n o para reflejar cambios en nuestros servicios.\n  <\/p>\n\n<\/section>\n\t\t\t\t\t\t\t\t<\/div>\n\t\t\t\t\t<\/div>\n\t\t\t\t<\/div>\n\t\t\t\t<\/div>\n\t\t","protected":false},"excerpt":{"rendered":"<p>Protecci\u00f3n de datos Pol\u00edtica de privacidad 1. Responsable del tratamiento PROSOLTEC Solarsysteme GmbH Bonnstr. 15 50226 Frechen Alemania Representada por: Javier Pastor Teverga (Director General) Tel\u00e9fono: +49 (0) 2234 4300610 Telefax: +49 (0) 2234 2001093 Correo electr\u00f3nico: info@prosoltec-solarsysteme.de Registro mercantil: HRB 76797 Tribunal de registro: Amtsgericht K\u00f6ln N.\u00ba IVA: DE285598989 2. Notas generales sobre el [&hellip;]<\/p>\n","protected":false},"author":3,"featured_media":0,"parent":0,"menu_order":0,"comment_status":"closed","ping_status":"closed","template":"","meta":{"footnotes":""},"class_list":["post-2177","page","type-page","status-publish","hentry"],"_links":{"self":[{"href":"https:\/\/prosoltec-solarsysteme.de\/es\/wp-json\/wp\/v2\/pages\/2177","targetHints":{"allow":["GET"]}}],"collection":[{"href":"https:\/\/prosoltec-solarsysteme.de\/es\/wp-json\/wp\/v2\/pages"}],"about":[{"href":"https:\/\/prosoltec-solarsysteme.de\/es\/wp-json\/wp\/v2\/types\/page"}],"author":[{"embeddable":true,"href":"https:\/\/prosoltec-solarsysteme.de\/es\/wp-json\/wp\/v2\/users\/3"}],"replies":[{"embeddable":true,"href":"https:\/\/prosoltec-solarsysteme.de\/es\/wp-json\/wp\/v2\/comments?post=2177"}],"version-history":[{"count":1,"href":"https:\/\/prosoltec-solarsysteme.de\/es\/wp-json\/wp\/v2\/pages\/2177\/revisions"}],"predecessor-version":[{"id":2178,"href":"https:\/\/prosoltec-solarsysteme.de\/es\/wp-json\/wp\/v2\/pages\/2177\/revisions\/2178"}],"wp:attachment":[{"href":"https:\/\/prosoltec-solarsysteme.de\/es\/wp-json\/wp\/v2\/media?parent=2177"}],"curies":[{"name":"wp","href":"https:\/\/api.w.org\/{rel}","templated":true}]}}

Protección de datos

<div data-elementor-type="wp-page" data-elementor-id="2177" class="elementor elementor-2177 elementor-845" data-elementor-post-type="page">
				<div class="elementor-element elementor-element-5d95219 e-flex e-con-boxed e-con e-parent" data-id="5d95219" data-element_type="container" data-e-type="container" data-settings="{&quot;background_background&quot;:&quot;classic&quot;}">
					<div class="e-con-inner">
		<div class="elementor-element elementor-element-a6d96bb e-con-full e-flex e-con e-child" data-id="a6d96bb" data-element_type="container" data-e-type="container">
		<div class="elementor-element elementor-element-845684f e-con-full e-flex e-con e-child" data-id="845684f" data-element_type="container" data-e-type="container">
				<div class="elementor-element elementor-element-e14e9b8 elementor-widget__width-inherit elementor-widget-tablet__width-inherit elementor-widget-mobile__width-inherit elementor-widget elementor-widget-heading" data-id="e14e9b8" data-element_type="widget" data-e-type="widget" data-widget_type="heading.default">
					<h1 class="elementor-heading-title elementor-size-default">Protección de datos</h1>				</div>
				</div>
				</div>
					</div>
				</div>
		<div class="elementor-element elementor-element-1ac247fc e-flex e-con-boxed e-con e-parent" data-id="1ac247fc" data-element_type="container" data-e-type="container">
					<div class="e-con-inner">
				<div class="elementor-element elementor-element-117988eb elementor-widget elementor-widget-text-editor" data-id="117988eb" data-element_type="widget" data-e-type="widget" data-widget_type="text-editor.default">
									<section class="privacy-policy">

  <h1>Política de privacidad</h1>


  <h2>1. Responsable del tratamiento</h2>
  <p>
  PROSOLTEC Solarsysteme GmbH<br> Bonnstr. 15<br> 50226 Frechen<br> Alemania 
  </p>
  <p>
  Representada por: Javier Pastor Teverga (Director General)<br> Teléfono: +49 (0) 2234 4300610<br> Telefax: +49 (0) 2234 2001093<br> Correo electrónico: <a href="mailto:info@prosoltec-solarsysteme.de">info@prosoltec-solarsysteme.de</a>
  </p>
  <p>
  Registro mercantil: HRB 76797<br> Tribunal de registro: Amtsgericht Köln<br> N.º IVA: DE285598989
  </p>

  <!-- Falls vorhanden, ergänzen:
  <h2>2. Datenschutzbeauftragter</h2>
  <p>Den Datenschutzbeauftragten erreichen Sie unter: ...</p>
  -->

  <h2>2. Notas generales sobre el tratamiento de datos</h2>
  <p>
  Tratamos los datos personales únicamente en la medida necesaria para proporcionar un sitio web funcional,
 para procesar consultas o sobre la base de su consentimiento.
  </p>
  <p>
  Las bases legales son, en particular, el Art. 6 apdo. 1 letra a del RGPD (consentimiento),
 el Art. 6 apdo. 1 letra b del RGPD (contrato/medidas precontractuales) y el Art. 6 apdo. 1 letra f del RGPD (interés legítimo).      
  </p>

  <h2>3. Alojamiento</h2>
  <p>
  Este sitio web está alojado en STRATO AG (Otto-Ostrowski-Straße 7, 10249 Berlín, Alemania).
  STRATO trata los datos personales como encargado del tratamiento en el marco de un contrato de encargo de tratamiento.
  </p>

  <h3>Archivos de registro del servidor</h3>
  <p>
  Al acceder a nuestro sitio web, el proveedor de alojamiento recopila y almacena automáticamente información en los llamados
 archivos de registro del servidor. Estos pueden incluir: tipo y versión del navegador,
 sistema operativo utilizado, URL de referencia, nombre de host del ordenador que accede, hora de la solicitud al servidor
 y la dirección IP. 
  </p>
  <p>
  El tratamiento se lleva a cabo para garantizar la estabilidad, la seguridad y el análisis de errores (Art. 6 apdo. 1 letra f del RGPD).
 Según el proveedor de alojamiento, las direcciones IP se almacenan durante un máximo de siete días para la detección y defensa contra ataques.

  </p>

  <h2>4. Cookies y gestión de consentimientos (Borlabs Cookie)</h2>
  <p>
  Utilizamos Borlabs Cookie para obtener y documentar los consentimientos para determinados tratamientos de datos (p. ej., contenidos externos).
 En este proceso, se almacena la información del consentimiento (p. ej., selección/estado, marca de tiempo)
 para cumplir con las obligaciones legales de prueba (Art. 6 apdo. 1 letra c del RGPD), así como sobre la base de nuestro
 interés legítimo en una gestión de consentimientos conforme a la ley (Art. 6 apdo. 1 letra f del RGPD). 
  </p>

  <p>
    <strong>Cambiar la configuración de cookies:</strong>
    <span class="borlabs-cookie-open-dialog-preferences brlbs-cmpnt-container" data-borlabs-cookie-title="Abrir configuración de cookies" data-borlabs-cookie-type="button" ></span>
  </p>

  <h2>5. Contacto</h2>

  <h3>Contacto por correo electrónico/teléfono/fax</h3>
  <p>
  Si se pone en contacto con nosotros (p. ej., por correo electrónico, teléfono o fax), trataremos sus datos para procesar
 la consulta y en caso de que surjan preguntas adicionales. La base legal es el Art. 6 apdo. 1 letra b del RGPD (medidas precontractuales/ejecución
 de un contrato) o el Art. 6 apdo. 1 letra f del RGPD (interés legítimo en una comunicación eficiente).     
  </p>

  <h3>Formulario de contacto</h3>
  <p>
  Si nos envía consultas a través del formulario de contacto, sus datos del formulario, incluidos
 los datos de contacto que proporcione allí, se almacenarán para procesar la consulta.
 La base legal es el Art. 6 apdo. 1 letra b del RGPD (medidas precontractuales/ejecución de un contrato) o el Art. 6 apdo. 1 letra f del RGPD.    
  </p>

  

  <h2>6. Google Maps (solo con consentimiento)</h2>
  <p>
  En nuestro sitio web integramos Google Maps. El proveedor es Google Ireland Limited, Gordon House, Barrow Street,
 Dublín 4, Irlanda (“Google”). 
  </p>
  <p>
  Google Maps está bloqueado por defecto y solo se cargará tras su consentimiento (Art. 6 apdo. 1 letra a del RGPD).
 Al activarlo, su dirección IP puede ser transmitida a Google; además, se pueden utilizar cookies o tecnologías similares.
 En este proceso, no se puede excluir la transferencia de datos a terceros países (p. ej., EE. UU.). 


  <h2>7. Google Fonts integradas localmente</h2>
  <p>
  Utilizamos fuentes que están integradas localmente en nuestro servidor. De este modo, no se establece ninguna conexión
 con los servidores de Google y no se transmiten datos personales a Google. 
  </p>

  <h2>8. Cifrado SSL/TLS</h2>
  <p>
  Este sitio web utiliza el cifrado SSL/TLS por razones de seguridad y para proteger la transmisión de contenidos confidenciales.
 Puede reconocer una conexión cifrada porque la línea de dirección del navegador
 cambia de “http://” a “https://”. 
  </p>

  <h2>9. Plazo de conservación</h2>
  <p>
  Los datos personales se eliminarán tan pronto como deje de existir la finalidad del tratamiento y no existan obligaciones legales
 de conservación que lo impidan. Por lo general, solo almacenamos las consultas de contacto durante el tiempo
 que sea necesario para su procesamiento y se prevean posibles preguntas posteriores. 
  </p>

  <h2>10. Sus derechos</h2>
  <p>En el marco del RGPD, usted tiene, en particular, los siguientes derechos:</p>
  <ul>
    <li>Derecho de acceso (Art. 15 del RGPD)</li>
    <li>Derecho de rectificación (Art. 16 del RGPD)</li>
    <li>Derecho de supresión (Art. 17 del RGPD)</li>
    <li>Derecho a la limitación del tratamiento (Art. 18 del RGPD)</li>
    <li>Derecho a la portabilidad de los datos (Art. 20 del RGPD)</li>
    <li>Derecho de oposición al tratamiento (Art. 21 del RGPD)</li>
    <li>Derecho a retirar el consentimiento (Art. 7 apdo. 3 del RGPD), con efecto para el futuro</li>
    <li>Derecho a presentar una reclamación ante una autoridad de control (Art. 77 del RGPD)</li>
  </ul>

  <h2>11. Modificación de esta política de privacidad</h2>
  <p>
  Nos reservamos el derecho de adaptar esta política de privacidad para que cumpla siempre con los requisitos legales actuales
 o para reflejar cambios en nuestros servicios.
  </p>

</section>
								</div>
					</div>
				</div>
				</div>

<p>Protección de datos Política de privacidad 1. Responsable del tratamiento PROSOLTEC Solarsysteme GmbH Bonnstr. 15 50226 Frechen Alemania Representada por: Javier Pastor Teverga (Director General) Teléfono: +49 (0) 2234 4300610 Telefax: +49 (0) 2234 2001093 Correo electrónico: info@prosoltec-solarsysteme.de Registro mercantil: HRB 76797 Tribunal de registro: Amtsgericht Köln N.º IVA: DE285598989 2. Notas generales sobre el [&hellip;]</p>
